factors of c.
2, 3, 2221
Let g(n) = 6*n + 25. Let k be g(-4). What are the prime factors of k*3 - 1900*(12 + -13)?
11, 173
Suppose 0 = 3*i - 5*y + 122, -11*i + 14*i - 2*y + 110 = 0. List the prime factors of (-13086)/i - 32/(-272).
5, 7, 11
Let v(j) = -109*j + 9. Suppose -t + 13 = -2*t + 5*r, -3*t + r = 11. List the prime factors of v(t).
2, 3, 7
Let q(v) = v**2 - 12*v + 33. Let r be q(6). Let s be r/6*4 - 4. What are the prime factors of (58/4)/(s/(-24))?
2, 29
What are the prime factors of ((-1108)/5)/(((-4)/(-44))/(15/(-6)))?
2, 11, 277
Let g = -927 - -1383. Let k = 1602 - g. List the prime factors of k.
2, 3, 191
Suppose -3*h - 10 - 50 = -6*f, -37 = -3*f + 5*h. Let s(x) = 8*x**2. Let w be s(-1). Suppose w*u = f*u - 87. What are the prime factors of u?
3, 29
Let m = -88 + 112. Let j = 31 - m. Suppose i = -2*g + 62, 4*i + 181 = -2*g + j*g. List the prime factors of g.
3, 11
Let b = 6 + -13. Let v(l) = 3*l**3 + 48*l**2 + 4*l + 95. Let o be v(-16). List the prime factors of b/14 - (o/(-2) - -1).
2, 7
Let p be 22*5*((-219)/15 - 3). Let x = -1238 - p. What are the prime factors of x?
2, 349
Let w(a) = 2*a**3 + 35*a**2 - 47*a + 10. Let r(s) = 3*s**3 + 52*s**2 - 70*s + 16. Let l(h) = 5*r(h) - 7*w(h). What are the prime factors of l(-15)?
5, 13
Let l(k) = 6*k**2 + 27*k + 7. Let n be l(-4). List the prime factors of 311 - (-5 - n)*-1.
311
Suppose 0*y - 3*y = -15. Suppose 2*b + 0*n + n = 788, 0 = n. Suppose y*p - 186 = b. What are the prime factors of p?
2, 29
Let w be (448/24)/((-6)/(-45)). What are the prime factors of (-4 + -1)*(-392)/w?
2, 7
Suppose 20*h = 23*h + 3*k - 141, -3*k = -5*h + 259. Suppose -38*u - 15816 = -h*u. What are the prime factors of u?
2, 659
Suppose -5*j - 2*x - 2340 - 3954 = 0, 0 = 2*j + 5*x + 2505. What are the prime factors of (8/(-10))/(3 - (-3787)/j)?
2, 3
Let j(d) = -9 - 3*d + d + 25 + 0 + 24. What are the prime factors of j(-6)?
2, 13
Suppose 20*t - 16316 = 9844. List the prime factors of t.
2, 3, 109
Let t = 2900 - -7269. List the prime factors of t.
10169
Let t(s) = 166*s**2 - 429*s + 5. List the prime factors of t(-7).
2, 3, 619
Let l be (2 - 1) + 3 + 1. Let f(x) = x**3 + 4 + l - 13*x - 38*x**2 + 45*x**2. What are the prime factors of f(-7)?
2, 5
Suppose -8 = 2*o, -o - 1059 = -3*z + 2140. Suppose -4*l - 4*w = -1007 + 143, -5*l - 2*w + z = 0. List the prime factors of l.
211
Let w(l) be the first derivative of 2*l**3 - l**2/2 + 2*l + 1. Let y(v) = -v**2 - 104*v - 2654. Let c be y(-59). List the prime factors of w(c).
7
Suppose -2*k + 16 = 8, 2*i + k = 78. Suppose 22011 = i*y - 4111. What are the prime factors of y?
2, 353
Let r(x) = -3*x**2 + 18*x - 5. Let q be r(7). Let g = -32 - q. List the prime factors of (-848)/g + 3 + (-50)/15.
3, 47
Suppose 2*s = 429*k - 433*k + 26914, -4*k = 4*s - 53844. List the prime factors of s.
5, 2693
Let s(h) = h + 38. Let n be s(-13). List the prime factors of (76/20 - 4) + 6830/n.
3, 7, 13
Suppose -2*r = -5*y + 3, y - 4*y + 7 = 4*r. Let l be -4 + 7 - (4 + r). List the prime factors of (-1988)/(-8) - 5/l.
251
Suppose -16*c - 29 = 13*c. Let r(m) = -207*m + 17. List the prime factors of r(c).
2, 7
Suppose 4*j + 9*j = 858. Suppose 5*l = 8*l + j. List the prime factors of (-2)/(-11) - (1272/l + 2).
2, 7
Let h(z) = 32*z**2 - 206*z + 53. What are the prime factors of h(10)?
1193
Suppose -1 = -b + 2*b. Let k be (-3 + b + 4)*-1. Suppose 5*t - 4*o - 415 = -k*o, t - 72 = 3*o. What are the prime factors of t?
3, 29
Let j(o) = 2*o**3 + 7*o**2 + 12*o + 56. Let i(s) = 3*s**3 + 8*s**2 + 12*s + 56. Let y(g) = -5*i(g) + 6*j(g). List the prime factors of y(-6).
2, 11
Suppose 5*z - 59 = -39. Let o be 0*((-35)/(-10) - z). Suppose 0 = j - o*j - 73. List the prime factors of j.
73
Let t = -82 - -222. Suppose 3*u - 119 = -4*h, 0*h + t = 4*h - 4*u. What are the prime factors of (-1 - (-6)/3)*h?
2
Suppose -5*t + 13 + 22 = 5*w, 55 = 5*t + w. Suppose -6*q + 3*q = -t, -2*p - q = -244. What are the prime factors of p?
2, 3, 5
Suppose -18*k = -13*k. Suppose 4*h - 1023 = -5*o + 2*h, 5*h - 20 = k. Suppose 3*u - u + w - 197 = 0, -w - o = -2*u. What are the prime factors of u?
2, 5
List the prime factors of (86/(-430) - (-27489)/(-30))/((-1)/22).
3, 11, 13, 47
Let f(n) = 11*n - 6*n - 7*n - 14. Let o be f(-7). Suppose -t - 5*i = -98, o*t + 3*t - 5*i = 354. What are the prime factors of t?
113
Let a be 22/11*10/(-4). Let q(w) = -7*w + 72. Let h be q(11). List the prime factors of (44/h - -2)/(a/125).
2, 5, 17
Let m(a) be the third derivative of 11*a**5/3 + 3*a**4/8 - 2*a**3 - 40*a**2 + a. List the prime factors of m(2).
2, 443
Let c = 27690 + -19424. What are the prime factors of c?
2, 4133
Suppose 54*n - 119789 - 49609 = 0. List the prime factors of n.
3137
Let s = -69 - -64. Let u(q) = 13*q**2 + 4*q - 3. List the prime factors of u(s).
2, 151
Let o = -9 + 6. Let y be (-1)/(-5) + 4/(60/1527). What are the prime factors of (-1 - o)/(2/y)?
2, 3, 17
Let p(g) = -g**3 + 32*g**2 - 18*g - 39. Let i be p(33). Let z = -1229 - i. What are the prime factors of z?
17, 29
Suppose 12*y - 20 = 8*y. Suppose 0 = -4*n - y*o + 1983, 2*o + 501 = n + 5*o. List the prime factors of n.
2, 3, 41
Let b(g) = g**2 - 23*g + 15. Let t be b(35). Suppose 5*s = -4*y + 1369, 1547 - t = 4*s - y. What are the prime factors of s?
277
Suppose -1218*k = -1244*k + 384098. What are the prime factors of k?
11, 17, 79
Let h(i) be the first derivative of 81*i**2/2 + 2*i + 73. What are the prime factors of h(1)?
83
Let f(q) = 94*q**2 + 15*q + 2. Let b be f(-8). Suppose -17*v + 21215 = b. What are the prime factors of v?
17, 53
Suppose -410*g - 564963 = -431*g. What are the prime factors of g?
26903
Suppose 5*h + 250 = 7*p - 2*p, -2*h + 80 = 2*p. Let s = p + -42. Suppose -4*n + 254 = -2*q, 345 = 3*n + 2*n + s*q. What are the prime factors of n?
2, 3, 11
Let m(o) = 45*o**2 + 26*o + 190. List the prime factors of m(-8).
2, 3, 53
Let q(v) = -3706*v + 1972. List the prime factors of q(-4).
2, 13, 17, 19
Let k = 3501 + -3217. What are the prime factors of k?
2, 71
Let r(q) = q**3 + 8*q**2 + 6*q - 5. Let g be r(-7). Suppose 4*f = g*w + 2*w + 172, -5*w = -f + 39. What are the prime factors of 1*6/(-9) - f/(-3)?
2, 7
Suppose 0 = -20*o + 14621 + 379. Suppose 0 = 216*s - 217*s + o. List the prime factors of s.
2, 3, 5
Let w = -31730 + 56838. What are the prime factors of w?
2, 6277
Suppose -9*i + 2214 + 189 = 0. Suppose -3*u + 2*g = -44 - 223, i = 3*u - g. Suppose o - u = -29. What are the prime factors of o?
2, 3, 5
List the prime factors of (0 - 63356 - 1)*(-2628)/1971.
2, 7, 431
Suppose -5*z = -5*p + 52390, 0 = -5*p + 6*p + 2*z - 10475. List the prime factors of p.
10477
Suppose -5*v = -1966 - 23154. Suppose 5*m + 2*r = v, 5*r = 4*m - 1495 - 2511. List the prime factors of m.
2, 251
Let k(j) = -38*j + 194. Let i be k(-13). Let f = i - -490. What are the prime factors of f?
2, 19, 31
List the prime factors of (-7 - (11 - 5)) + 6952.
3, 257
Suppose b + i + 8151 - 23838 = 0, -2*i + 62738 = 4*b. List the prime factors of b.
2, 7841
Let t = 481 - 478. Let b = 0 + 0. Suppose -t*c - 2*x + 52 = -31, b = 2*c - 2*x - 42. What are the prime factors of c?
5
Let a(d) = d**3 - 7*d**2 - 8*d - 12. Let g = -161 + 171. List the prime factors of a(g).
2, 13
Let v(o) = -o**2 + 7*o + 15. Let w be v(9). Let j be 232 + ((-6)/15)/(w/(-15)). Suppose 5*l - j = -0*l. What are the prime factors of l?
2, 23
Suppose -5*y + 2*z = 4, 10*y - 7*y + 5*z = -21. List the prime factors of -10 + (-63)/(-6) + (-1093)/y.
547
Suppose 12005 - 1586 + 3878 = 17*w. What are the prime factors of w?
29
Let d = -300 - -6896. List the prime factors of d.
2, 17, 97
Suppose -2*o + 68 = -4*y, -68 = 3*y - o - 20. Let j(a) = -901*a**2 - 3*a - 2. Let p be j(-2). What are the prime factors of p/(-105) - (-4)/y?
2, 17
Let y(q) = 68*q - 17. Let z be y(-6). Let r = -218 - z. Let t = r + -84. What are the prime factors of t?
3, 41
Let w(a) = -a**3 + 8*a**2 + 8*a + 6. Let q be w(9). List the prime factors of 1791/2*(7/(-3) - q).
3, 199
Suppose 0 = -5*k + 19 + 26. Suppose -t = 3*o + 2 - k, 29 = 3*t + o. Let q(l) = 7*l - 28. List the prime factors of q(t).
2, 3, 7
Let t be 2/(-11) - ((-265)/(-11))/5. List the prime factors of (556/t)/(0 - 10/75).
2, 3, 139
Let z = 31 + -9. Let j = 806 + -743. Suppose k - z = j. What are the prim